{"id":9,"date":"2023-12-03T13:58:51","date_gmt":"2023-12-03T13:58:51","guid":{"rendered":"https:\/\/marisma.ma\/?page_id=9"},"modified":"2026-04-06T10:29:58","modified_gmt":"2026-04-06T10:29:58","slug":"elementor-9","status":"publish","type":"page","link":"https:\/\/marisma.ma\/","title":{"rendered":"Elementor #9"},"content":{"rendered":"<style>\n\/*! elementor - v3.17.0 - 08-11-2023 *\/\n.elementor-widget-image {\n  text-align: center;\n}\n.elementor-widget-image a {\n  display: inline-block;\n}\n.elementor-widget-image a img[src$=\".svg\"] {\n  width: 48px;\n}\n.elementor-widget-image img {\n  vertical-align: middle;\n  display: inline-block;\n}\n<\/style>\n<p><img loading=\"lazy\" decoding=\"async\"\n  width=\"300\"\n  height=\"234\"\n  src=\"https:\/\/marisma.ma\/wp-content\/uploads\/2023\/12\/marisma-logo_full-300x234.png\"\n  alt=\"Marisma Logo\"\n  srcset=\"\n    https:\/\/marisma.ma\/wp-content\/uploads\/2023\/12\/marisma-logo_full-300x234.png 300w,\n    https:\/\/marisma.ma\/wp-content\/uploads\/2023\/12\/marisma-logo_full-768x599.png 768w,\n    https:\/\/marisma.ma\/wp-content\/uploads\/2023\/12\/marisma-logo_full-1024x798.png 1024w,\n    https:\/\/marisma.ma\/wp-content\/uploads\/2023\/12\/marisma-logo_full.png 1500w\n  \"\n  sizes=\"auto, (max-width: 300px) 100vw, 300px\"\n\/><\/p>\n<div style=\"position: absolute; left: -7566px;\">\n<p>Onlayn qimorbozlik olamida, ajoyib slot o&#8217;yinlari va katta jekpotlar qo&#8217;lga kiritilishi mumkin bo&#8217;lgan <a href=\"https:\/\/casinopinup-uz.com\/\">pin up casino<\/a> platformasi xavfsizlik va ishonchlilikni kafolatlaydi.<\/p>\n<\/div>\n<div style=\"position: absolute; left: -7566px;\">\n<p>\u0391\u03bd\u03b1\u03ba\u03b1\u03bb\u03cd\u03c8\u03c4\u03b5 \u03c4\u03b9\u03c2 \u03c0\u03b9\u03bf \u03c3\u03c5\u03bd\u03b1\u03c1\u03c0\u03b1\u03c3\u03c4\u03b9\u03ba\u03ad\u03c2 \u03b5\u03bc\u03c0\u03b5\u03b9\u03c1\u03af\u03b5\u03c2 slots \u03ba\u03b1\u03b9 \u03b4\u03b9\u03b5\u03ba\u03b4\u03b9\u03ba\u03ae\u03c3\u03c4\u03b5 \u03bc\u03b5\u03b3\u03ac\u03bb\u03b1 \u03c4\u03b6\u03ac\u03ba\u03c0\u03bf\u03c4 \u03cc\u03c4\u03b1\u03bd \u03c3\u03c4\u03bf <a href=\"https:\/\/fruit-king.com.gr\">fruit king \u03c0\u03b1\u03af\u03be\u03c4\u03b5<\/a> \u03ba\u03b1\u03b9 \u03b1\u03c0\u03bf\u03bb\u03b1\u03cd\u03c3\u03c4\u03b5 \u03c5\u03c8\u03b7\u03bb\u03ad\u03c2 \u03b1\u03c0\u03bf\u03b4\u03cc\u03c3\u03b5\u03b9\u03c2 \u03ba\u03b1\u03b9 \u03bc\u03bf\u03bd\u03b1\u03b4\u03b9\u03ba\u03ac \u03bc\u03c0\u03cc\u03bd\u03bf\u03c5\u03c2 \u03b5\u03b3\u03b3\u03c1\u03b1\u03c6\u03ae\u03c2.<\/p>\n<\/div>\n<div style=\"position: absolute; left: -7566px;\">\n<p>\u0391\u03bd\u03b1\u03ba\u03b1\u03bb\u03cd\u03c8\u03c4\u03b5 \u03c3\u03c5\u03bd\u03b1\u03c1\u03c0\u03b1\u03c3\u03c4\u03b9\u03ba\u03ad\u03c2 \u03c0\u03c1\u03bf\u03c3\u03c6\u03bf\u03c1\u03ad\u03c2 \u03ba\u03b1\u03bb\u03c9\u03c3\u03bf\u03c1\u03af\u03c3\u03bc\u03b1\u03c4\u03bf\u03c2 \u03ba\u03b1\u03b9 cashback \u03c3\u03c4\u03bf <a href=\"https:\/\/highflybet.co\/el\/\">highflybet casino<\/a>, \u03b5\u03bd\u03ce \u03c3\u03c5\u03bd\u03b5\u03c7\u03b5\u03af\u03c2 \u03c0\u03c1\u03bf\u03c9\u03b8\u03b7\u03c4\u03b9\u03ba\u03ad\u03c2 \u03b5\u03bd\u03ad\u03c1\u03b3\u03b5\u03b9\u03b5\u03c2 \u03b5\u03be\u03b1\u03c3\u03c6\u03b1\u03bb\u03af\u03b6\u03bf\u03c5\u03bd \u03b1\u03c4\u03b5\u03bb\u03b5\u03af\u03c9\u03c4\u03b7 \u03b4\u03b9\u03b1\u03c3\u03ba\u03ad\u03b4\u03b1\u03c3\u03b7 \u03ba\u03b1\u03b9 \u03ba\u03ad\u03c1\u03b4\u03b7.<\/p>\n<\/div>\n<div style=\"position: absolute; left: -7566px;\">\n<p>\u0391\u03bd\u03b1\u03ba\u03b1\u03bb\u03cd\u03c8\u03c4\u03b5 \u03c4\u03b7\u03bd \u03b1\u03c0\u03cc\u03bb\u03c5\u03c4\u03b7 \u03b5\u03bc\u03c0\u03b5\u03b9\u03c1\u03af\u03b1 \u03c0\u03b1\u03b9\u03c7\u03bd\u03b9\u03b4\u03b9\u03bf\u03cd \u03bc\u03b5 \u03c4\u03b7 \u03bc\u03b5\u03b3\u03ac\u03bb\u03b7 \u03c0\u03bf\u03b9\u03ba\u03b9\u03bb\u03af\u03b1 \u03ba\u03b1\u03b6\u03af\u03bd\u03bf, \u03ba\u03b1\u03b8\u03ce\u03c2 \u03c4\u03bf <a href=\"https:\/\/wingaga.co\/\">wingaga<\/a> \u03c0\u03c1\u03bf\u03c3\u03c6\u03ad\u03c1\u03b5\u03b9 \u03b1\u03c3\u03c6\u03b1\u03bb\u03ae \u03c0\u03c1\u03cc\u03c3\u03b2\u03b1\u03c3\u03b7 \u03c3\u03b5 \u03c0\u03b1\u03b9\u03c7\u03bd\u03af\u03b4\u03b9\u03b1 \u03bc\u03b5 \u03ba\u03bf\u03c1\u03c5\u03c6\u03b1\u03af\u03bf\u03c5\u03c2 \u03c0\u03b1\u03c1\u03cc\u03c7\u03bf\u03c5\u03c2 \u03ba\u03b1\u03b9 live dealers.<\/p>\n<\/div>\n<div style=\"position: absolute; left: -7566px;\">\n<p>Experience the thrill of live dealers and immerse yourself in a real-time casino atmosphere as you <a href=\"https:\/\/aviator-game-online.co.ke\/\">play aviator<\/a>, enjoying the perfect blend of gaming excitement and interactive ac.<\/p>\n<\/div>\n<div style=\"position: absolute; left: -7566px;\">\n<p>Experience the thrill of live dealers and immerse yourself in a real-time casino atmosphere with <a href=\"https:\/\/casino-slotozen.com\/promo-code\/\">slotozen promo codes<\/a>, bringing the excitement of Vegas straight to your screen.<\/p>\n<\/div>\n<div style=\"position: absolute; left: -7566px;\">\n<p>Discover more at Dzi\u0119ki aplikacji <a href=\"https:\/\/utelemanna.pl\/\">mostbet apk<\/a> mo\u017cesz cieszy\u0107 si\u0119 gr\u0105 w ulubione kasynowe sloty oraz zak\u0142ady na \u017cywo bezpo\u015brednio ze swojego smartfona lub tabletu, zdobywaj\u0105c atrak.<\/p>\n<\/div>\n<div style=\"position: absolute; left: -7566px;\">\n<p>\u041f\u0440\u0438\u0441\u043e\u0435\u0434\u0438\u043d\u044f\u0439\u0442\u0435\u0441\u044c \u043a \u043d\u0430\u043c \u0438 \u043d\u0430\u0441\u043b\u0430\u0436\u0434\u0430\u0439\u0442\u0435\u0441\u044c \u0449\u0435\u0434\u0440\u044b\u043c\u0438 \u043f\u0440\u0438\u0432\u0435\u0442\u0441\u0442\u0432\u0435\u043d\u043d\u044b\u043c\u0438 \u0431\u043e\u043d\u0443\u0441\u0430\u043c\u0438, <a href=\"https:\/\/xn--b1atfb1adk.xn--p1ai\/\">1 \u0432\u0438\u043d<\/a> \u043f\u0440\u0435\u0434\u043b\u0430\u0433\u0430\u0435\u0442 \u0432\u043e\u0437\u0432\u0440\u0430\u0442 \u043a\u044d\u0448\u0431\u044d\u043a\u0430 \u0438 \u043f\u043e\u0441\u0442\u043e\u044f\u043d\u043d\u044b\u0435 \u0430\u043a\u0446\u0438\u0438, \u0447\u0442\u043e\u0431\u044b \u0432\u0430\u0448\u0430 \u0438\u0433\u0440\u0430 \u0441\u0442\u0430\u043b\u0430 \u0435\u0449\u0435 \u0438\u043d\u0442\u0435\u0440\u0435\u0441\u043d\u0435\u0435!<\/p>\n<\/div>\n<div style=\"position: absolute; left: -7566px;\">\n<p>Ani qeydiyyat, s\u00fcr\u0259tli depozitl\u0259r v\u0259 tez \u00f6d\u0259m\u0259l\u0259r il\u0259 <a href=\"https:\/\/hukukmedeniyeti.org\/\">mostbet<\/a> platformas\u0131 oyun h\u0259v\u0259skarlar\u0131na unudulmaz t\u0259cr\u00fcb\u0259 t\u0259qdim edir, qazanclar\u0131n\u0131z\u0131 t\u0259hl\u00fck\u0259siz \u015f\u0259kild\u0259 \u0259ld\u0259 ed\u0259 bil\u0259rsiniz.<\/p>\n<\/div>\n","protected":false},"excerpt":{"rendered":"<p>Onlayn qimorbozlik olamida, ajoyib slot o&#8217;yinlari va katta jekpotlar qo&#8217;lga kiritilishi mumkin bo&#8217;lgan pin up casino platformasi xavfsizlik va ishonchlilikni kafolatlaydi. \u0391\u03bd\u03b1\u03ba\u03b1\u03bb\u03cd\u03c8\u03c4\u03b5 \u03c4\u03b9\u03c2 \u03c0\u03b9\u03bf \u03c3\u03c5\u03bd\u03b1\u03c1\u03c0\u03b1\u03c3\u03c4\u03b9\u03ba\u03ad\u03c2 \u03b5\u03bc\u03c0\u03b5\u03b9\u03c1\u03af\u03b5\u03c2 slots \u03ba\u03b1\u03b9 \u03b4\u03b9\u03b5\u03ba\u03b4\u03b9\u03ba\u03ae\u03c3\u03c4\u03b5 \u03bc\u03b5\u03b3\u03ac\u03bb\u03b1 \u03c4\u03b6\u03ac\u03ba\u03c0\u03bf\u03c4 \u03cc\u03c4\u03b1\u03bd \u03c3\u03c4\u03bf fruit king \u03c0\u03b1\u03af\u03be\u03c4\u03b5 \u03ba\u03b1\u03b9 \u03b1\u03c0\u03bf\u03bb\u03b1\u03cd\u03c3\u03c4\u03b5 \u03c5\u03c8\u03b7\u03bb\u03ad\u03c2 \u03b1\u03c0\u03bf\u03b4\u03cc\u03c3\u03b5\u03b9\u03c2 \u03ba\u03b1\u03b9 \u03bc\u03bf\u03bd\u03b1\u03b4\u03b9\u03ba\u03ac \u03bc\u03c0\u03cc\u03bd\u03bf\u03c5\u03c2 \u03b5\u03b3\u03b3\u03c1\u03b1\u03c6\u03ae\u03c2. \u0391\u03bd\u03b1\u03ba\u03b1\u03bb\u03cd\u03c8\u03c4\u03b5 \u03c3\u03c5\u03bd\u03b1\u03c1\u03c0\u03b1\u03c3\u03c4\u03b9\u03ba\u03ad\u03c2 \u03c0\u03c1\u03bf\u03c3\u03c6\u03bf\u03c1\u03ad\u03c2 \u03ba\u03b1\u03bb\u03c9\u03c3\u03bf\u03c1\u03af\u03c3\u03bc\u03b1\u03c4\u03bf\u03c2 \u03ba\u03b1\u03b9 cashback \u03c3\u03c4\u03bf highflybet casino, \u03b5\u03bd\u03ce \u03c3\u03c5\u03bd\u03b5\u03c7\u03b5\u03af\u03c2 [&hellip;]<\/p>\n","protected":false},"author":1,"featured_media":0,"parent":0,"menu_order":0,"comment_status":"closed","ping_status":"closed","template":"","meta":{"footnotes":""},"class_list":["post-9","page","type-page","status-publish","hentry"],"_links":{"self":[{"href":"https:\/\/marisma.ma\/index.php?rest_route=\/wp\/v2\/pages\/9","targetHints":{"allow":["GET"]}}],"collection":[{"href":"https:\/\/marisma.ma\/index.php?rest_route=\/wp\/v2\/pages"}],"about":[{"href":"https:\/\/marisma.ma\/index.php?rest_route=\/wp\/v2\/types\/page"}],"author":[{"embeddable":true,"href":"https:\/\/marisma.ma\/index.php?rest_route=\/wp\/v2\/users\/1"}],"replies":[{"embeddable":true,"href":"https:\/\/marisma.ma\/index.php?rest_route=%2Fwp%2Fv2%2Fcomments&post=9"}],"version-history":[{"count":27,"href":"https:\/\/marisma.ma\/index.php?rest_route=\/wp\/v2\/pages\/9\/revisions"}],"predecessor-version":[{"id":16602,"href":"https:\/\/marisma.ma\/index.php?rest_route=\/wp\/v2\/pages\/9\/revisions\/16602"}],"wp:attachment":[{"href":"https:\/\/marisma.ma\/index.php?rest_route=%2Fwp%2Fv2%2Fmedia&parent=9"}],"curies":[{"name":"wp","href":"https:\/\/api.w.org\/{rel}","templated":true}]}}